{"id":3922,"date":"2025-01-25T19:10:28","date_gmt":"2025-01-25T18:10:28","guid":{"rendered":"https:\/\/sokol-bau.eu\/?page_id=3922"},"modified":"2025-02-11T11:32:24","modified_gmt":"2025-02-11T10:32:24","slug":"datenschutzerklaerung","status":"publish","type":"page","link":"https:\/\/sokol-bau.eu\/?page_id=3922","title":{"rendered":"Datenschutzerklaerung"},"content":{"rendered":"\t\t<div data-elementor-type=\"wp-page\" data-elementor-id=\"3922\" class=\"elementor elementor-3922\">\n\t\t\t\t<div class=\"elementor-element elementor-element-80d31ae e-flex e-con-boxed e-con e-parent\" data-id=\"80d31ae\" data-element_type=\"container\" data-e-type=\"container\">\n\t\t\t\t\t<div class=\"e-con-inner\">\n\t\t\t\t\t<\/div>\n\t\t\t\t<\/div>\n\t\t<div class=\"elementor-element elementor-element-f706ba6 e-flex e-con-boxed e-con e-parent\" data-id=\"f706ba6\" data-element_type=\"container\" data-e-type=\"container\">\n\t\t\t\t\t<div class=\"e-con-inner\">\n\t\t\t\t\t<\/div>\n\t\t\t\t<\/div>\n\t\t\t\t<section class=\"elementor-section elementor-top-section elementor-element elementor-element-4f0ae329 elementor-section-content-middle envato-kit-141-top-0 elementor-section-boxed elementor-section-height-default elementor-section-height-default\" data-id=\"4f0ae329\" data-element_type=\"section\" data-e-type=\"section\" data-settings=\"{&quot;background_background&quot;:&quot;classic&quot;}\">\n\t\t\t\t\t\t\t<div class=\"elementor-background-overlay\"><\/div>\n\t\t\t\t\t\t\t<div class=\"elementor-container elementor-column-gap-wide\">\n\t\t\t\t\t<div class=\"elementor-column elementor-col-100 elementor-top-column elementor-element elementor-element-e6c6c50\" data-id=\"e6c6c50\" data-element_type=\"column\" data-e-type=\"column\">\n\t\t\t<div class=\"elementor-widget-wrap elementor-element-populated\">\n\t\t\t\t\t\t<div class=\"elementor-element elementor-element-69f3e1de elementor-invisible elementor-widget elementor-widget-heading\" data-id=\"69f3e1de\" data-element_type=\"widget\" data-e-type=\"widget\" data-settings=\"{&quot;_animation&quot;:&quot;fadeIn&quot;,&quot;_animation_delay&quot;:50}\" data-widget_type=\"heading.default\">\n\t\t\t\t\t<h2 class=\"elementor-heading-title elementor-size-default\">datenschutzerklaerung<\/h2>\t\t\t\t<\/div>\n\t\t\t\t<div class=\"elementor-element elementor-element-5f831c5c elementor-widget-divider--view-line elementor-invisible elementor-widget elementor-widget-divider\" data-id=\"5f831c5c\" data-element_type=\"widget\" data-e-type=\"widget\" data-settings=\"{&quot;_animation&quot;:&quot;fadeIn&quot;,&quot;_animation_delay&quot;:300}\" data-widget_type=\"divider.default\">\n\t\t\t\t\t\t\t<div class=\"elementor-divider\">\n\t\t\t<span class=\"elementor-divider-separator\">\n\t\t\t\t\t\t<\/span>\n\t\t<\/div>\n\t\t\t\t\t\t<\/div>\n\t\t\t\t<section class=\"elementor-section elementor-inner-section elementor-element elementor-element-4a778953 elementor-section-boxed elementor-section-height-default elementor-section-height-default\" data-id=\"4a778953\" data-element_type=\"section\" data-e-type=\"section\">\n\t\t\t\t\t\t<div class=\"elementor-container elementor-column-gap-no\">\n\t\t\t\t\t<div class=\"elementor-column elementor-col-100 elementor-inner-column elementor-element elementor-element-1c0a82e1\" data-id=\"1c0a82e1\" data-element_type=\"column\" data-e-type=\"column\">\n\t\t\t<div class=\"elementor-widget-wrap elementor-element-populated\">\n\t\t\t\t\t\t<div class=\"elementor-element elementor-element-65af5f8a elementor-widget elementor-widget-spacer\" data-id=\"65af5f8a\" data-element_type=\"widget\" data-e-type=\"widget\" data-widget_type=\"spacer.default\">\n\t\t\t\t\t\t\t<div class=\"elementor-spacer\">\n\t\t\t<div class=\"elementor-spacer-inner\"><\/div>\n\t\t<\/div>\n\t\t\t\t\t\t<\/div>\n\t\t\t\t<div class=\"elementor-element elementor-element-5c2b53aa elementor-invisible elementor-widget elementor-widget-heading\" data-id=\"5c2b53aa\" data-element_type=\"widget\" data-e-type=\"widget\" data-settings=\"{&quot;_animation&quot;:&quot;fadeIn&quot;,&quot;_animation_delay&quot;:100}\" data-widget_type=\"heading.default\">\n\t\t\t\t\t<h2 class=\"elementor-heading-title elementor-size-default\">Datenschutzerkl\u00e4rung &amp; Impressum der Sokol Malerei und Innenausbau GmbH<\/h2>\t\t\t\t<\/div>\n\t\t\t\t<div class=\"elementor-element elementor-element-2392a239 elementor-widget elementor-widget-heading\" data-id=\"2392a239\" data-element_type=\"widget\" data-e-type=\"widget\" data-widget_type=\"heading.default\">\n\t\t\t\t\t<h2 class=\"elementor-heading-title elementor-size-default\">Stand: 25. J\u00e4nner 2024<\/h2>\t\t\t\t<\/div>\n\t\t\t\t<div class=\"elementor-element elementor-element-3446d0ce elementor-widget elementor-widget-text-editor\" data-id=\"3446d0ce\" data-element_type=\"widget\" data-e-type=\"widget\" data-widget_type=\"text-editor.default\">\n\t\t\t\t\t\t\t\t\t<ol><li><strong> Verantwortlicher im Sinne der DSGVO<\/strong><\/li><\/ol><p><strong>Firmenname:<\/strong>\u00a0Sokol Malerei und Innenausbau GmbH<br \/><strong>Adresse:<\/strong> Wagramer Stra\u00dfe 265 , Gerasdorf bei Wien 2201, \u00d6sterreich<br \/><strong>Telefon:<\/strong>\u00a0+43 1 256 40 92<br \/><strong>E-Mail (Datenschutz):<\/strong>\u00a0<a href=\"mailto:admin@sokol-bau.eu\">admin@sokol-bau.eu<\/a><br \/><strong>E-Mail (Verkauf):<\/strong>\u00a0<a href=\"mailto:verkauf@sokol-bau.eu\">verkauf@sokol-bau.eu<\/a><br \/><strong>Ansprechpartnerin:<\/strong>\u00a0Grazyna Sokol<br \/><strong>UID-Nr.:<\/strong>\u00a0ATU64908112<br \/><strong>Firmenbuchnummer:<\/strong>\u00a0323457 y<br \/><strong>Handelsregistergericht:<\/strong>\u00a0Handelsgericht Wien<br \/><strong>Gewerbeberechtigung:<\/strong>\u00a0DG-Nr. 30162461<br \/><strong>Steuernummer:<\/strong>\u00a0420\/3548<\/p>\t\t\t\t\t\t\t\t<\/div>\n\t\t\t\t<div class=\"elementor-element elementor-element-efd9121 elementor-widget elementor-widget-text-editor\" data-id=\"efd9121\" data-element_type=\"widget\" data-e-type=\"widget\" data-widget_type=\"text-editor.default\">\n\t\t\t\t\t\t\t\t\t<ol start=\"2\"><li><strong> Kontakt und \u00d6ffnungszeiten<\/strong><\/li><\/ol><p><strong>Telefonische Erreichbarkeit:<\/strong><br \/>Montag \u2013 Donnerstag: 7:00 \u2013 17:00 Uhr<br \/>Freitag: 7:00 \u2013 14:00 Uhr<\/p><p><strong>Besuchsadresse:<\/strong><br \/>Sokol Malerei und Innenausbau GmbH<br \/>Wagramer Str. 97, 2201 Gerasdorf bei Wien<\/p><p><strong>Lageplan:<\/strong><\/p><ul><li><p><a href=\"https:\/\/www.google.com\/maps\/@48.2760097,16.4804261,3a,75y,55.69h,90t\/data=!3m7!1e1!3m5!1sl1FIfantBClZDcHtMjcIyw!2e0!6shttps:%2F%2Fstreetviewpixels-pa.googleapis.com%2Fv1%2Fthumbnail%3Fcb_client%3Dmaps_sv.tactile%26w%3D900%26h%3D600%26pitch%3D0%26panoid%3Dl1FIfantBClZDcHtMjcIyw%26yaw%3D55.694206!7i16384!8i8192?authuser=0&amp;entry=ttu&amp;g_ep=EgoyMDI1MDEyMi4wIKXMDSoASAFQAw%3D%3D\">10 Schmalbachstra\u00dfe &#8211; Google Maps<\/a><strong>Google Maps:<\/strong><\/p><strong>Street View:<\/strong>\u00a0[https:\/\/maps.app.goo.gl\/pwQr7sTFFPu7tbkM6]<\/li><\/ul>\t\t\t\t\t\t\t\t<\/div>\n\t\t\t\t<div class=\"elementor-element elementor-element-96a1d99 elementor-widget elementor-widget-text-editor\" data-id=\"96a1d99\" data-element_type=\"widget\" data-e-type=\"widget\" data-widget_type=\"text-editor.default\">\n\t\t\t\t\t\t\t\t\t<ol start=\"3\"><li><strong> Erhobene Daten und Verwendungszwecke<\/strong><strong>a) Kontaktformular &amp; Angebotsanfragen<\/strong><\/li><\/ol><ul><li><strong>Datenarten:<\/strong>\u00a0Name, Adresse, Telefonnummer, E-Mail, Projektbeschreibung.<\/li><li><strong>Zweck:<\/strong>\u00a0Erstellung von Angeboten, Terminvereinbarung, Kundenkommunikation.<\/li><li><strong>Rechtsgrundlage:<\/strong>\u00a0Art. 6 Abs. 1 lit. b DSGVO (Vertragserf\u00fcllung).<\/li><li><strong>b) Website-Analyse<\/strong><\/li><\/ul><ul><li><strong>Tools:<\/strong>\u00a0Google Analytics (anonymisiert), Cookies.<\/li><li><strong>Zweck:<\/strong>\u00a0Optimierung der Benutzererfahrung.<\/li><li><strong>Rechtsgrundlage:<\/strong>\u00a0Art. 6 Abs. 1 lit. a DSGVO (Einwilligung).<\/li><li><strong>c) Bewerbungen<\/strong><\/li><\/ul><ul><li><strong>Datenarten:<\/strong>\u00a0Lebenslauf, Zeugnisse, Kontaktdaten.<\/li><li><strong>Speicherdauer:<\/strong>\u00a06 Monate nach Abschluss des Bewerbungsverfahrens.<\/li><\/ul>\t\t\t\t\t\t\t\t<\/div>\n\t\t\t\t<div class=\"elementor-element elementor-element-3bc49ac elementor-widget elementor-widget-text-editor\" data-id=\"3bc49ac\" data-element_type=\"widget\" data-e-type=\"widget\" data-widget_type=\"text-editor.default\">\n\t\t\t\t\t\t\t\t\t<ol start=\"4\"><li><strong> Datenweitergabe an Dritte<\/strong><\/li><\/ol><ul><li><strong>Subunternehmer:<\/strong>\u00a0Nur bei Bedarf f\u00fcr Bauleistungen (z. B. Elektriker), vertraglich zur DSGVO-Konformit\u00e4t verpflichtet.<\/li><li><strong>Google Services:<\/strong>\u00a0Nutzung von Google Maps zur Standortdarstellung \u2013 Daten unterliegen den Richtlinien von Google LLC (USA).<\/li><\/ul>\t\t\t\t\t\t\t\t<\/div>\n\t\t\t\t<div class=\"elementor-element elementor-element-62a5f39 elementor-widget elementor-widget-text-editor\" data-id=\"62a5f39\" data-element_type=\"widget\" data-e-type=\"widget\" data-widget_type=\"text-editor.default\">\n\t\t\t\t\t\t\t\t\t<ol start=\"5\"><li><strong> Speicherdauer<\/strong><\/li><\/ol><ul><li><strong>Vertragsdaten:<\/strong>\u00a07 Jahre gem\u00e4\u00df \u00a7 132 BAO (Bundesabgabenordnung).<\/li><li><strong>Server-Logs:<\/strong>\u00a014 Tage.<\/li><\/ul>\t\t\t\t\t\t\t\t<\/div>\n\t\t\t\t<div class=\"elementor-element elementor-element-11ef7b5 elementor-widget elementor-widget-text-editor\" data-id=\"11ef7b5\" data-element_type=\"widget\" data-e-type=\"widget\" data-widget_type=\"text-editor.default\">\n\t\t\t\t\t\t\t\t\t<ol start=\"6\"><li><strong> Ihre Rechte gem\u00e4\u00df DSGVO<\/strong><\/li><\/ol><ul><li><strong>Auskunft, Berichtigung, L\u00f6schung, Einschr\u00e4nkung, Widerspruch, Daten\u00fcbertragbarkeit.<\/strong><\/li><li><strong>Kontakt:<\/strong>\u00a0<a href=\"mailto:admin@sokol-bau.eu\">admin@sokol-bau.eu<\/a>\u00a0oder postalisch an die Firmenadresse.<\/li><\/ul>\t\t\t\t\t\t\t\t<\/div>\n\t\t\t\t<div class=\"elementor-element elementor-element-4df4bd9 elementor-widget elementor-widget-text-editor\" data-id=\"4df4bd9\" data-element_type=\"widget\" data-e-type=\"widget\" data-widget_type=\"text-editor.default\">\n\t\t\t\t\t\t\t\t\t<ol start=\"7\"><li><strong> Cookies und Tracking<\/strong><\/li><\/ol><ul><li><strong>Notwendige Cookies:<\/strong>\u00a0F\u00fcr Warenkorb und Sicherheit.<\/li><\/ul><p><strong>Marketing-Cookies:<\/strong>\u00a0Nur nach expliziter Zustimmung<\/p>\t\t\t\t\t\t\t\t<\/div>\n\t\t\t\t<div class=\"elementor-element elementor-element-f772ca1 elementor-widget elementor-widget-text-editor\" data-id=\"f772ca1\" data-element_type=\"widget\" data-e-type=\"widget\" data-widget_type=\"text-editor.default\">\n\t\t\t\t\t\t\t\t\t<ol start=\"8\"><li><strong> Sicherheitsma\u00dfnahmen<\/strong><\/li><\/ol><ul><li><strong>Verschl\u00fcsselung:<\/strong>\u00a0HTTPS via SSL\/TLS.<\/li><li><strong>Zugriffskontrolle:<\/strong>\u00a0Physische und digitale Beschr\u00e4nkungen f\u00fcr sensible Daten.<\/li><\/ul>\t\t\t\t\t\t\t\t<\/div>\n\t\t\t\t<div class=\"elementor-element elementor-element-f0df8c6 elementor-widget elementor-widget-text-editor\" data-id=\"f0df8c6\" data-element_type=\"widget\" data-e-type=\"widget\" data-widget_type=\"text-editor.default\">\n\t\t\t\t\t\t\t\t\t<ol start=\"9\"><li><strong> Beschwerderecht<\/strong><\/li><\/ol><p><strong>\u00d6sterreichische Datenschutzbeh\u00f6rde<\/strong><br \/>Barichgasse 40-42, 1030 Wien<br \/>Website:\u00a0<a href=\"https:\/\/www.dsb.gv.at\/\">www.dsb.gv.at<\/a><\/p>\t\t\t\t\t\t\t\t<\/div>\n\t\t\t\t<div class=\"elementor-element elementor-element-5fa686c elementor-widget elementor-widget-text-editor\" data-id=\"5fa686c\" data-element_type=\"widget\" data-e-type=\"widget\" data-widget_type=\"text-editor.default\">\n\t\t\t\t\t\t\t\t\t<p><strong>Haftungsausschluss<\/strong><\/p><ul><li><strong>Externe Links:<\/strong>\u00a0F\u00fcr Inhalte verlinkter Seiten wird keine Haftung \u00fcbernommen.<\/li><li><strong>Technische Fehler:<\/strong>\u00a0Trotz Sorgfalt k\u00f6nnen Fehler nicht ausgeschlossen werden.<\/li><\/ul>\t\t\t\t\t\t\t\t<\/div>\n\t\t\t\t<div class=\"elementor-element elementor-element-324e6af elementor-widget elementor-widget-text-editor\" data-id=\"324e6af\" data-element_type=\"widget\" data-e-type=\"widget\" data-widget_type=\"text-editor.default\">\n\t\t\t\t\t\t\t\t\t<p><strong>Urheberrecht<\/strong><\/p><p>Texte, Bilder und Grafiken sind urheberrechtlich gesch\u00fctzt. Eine Nutzung bedarf der schriftlichen Zustimmung.<\/p>\t\t\t\t\t\t\t\t<\/div>\n\t\t\t\t<div class=\"elementor-element elementor-element-5a48b09 elementor-widget elementor-widget-text-editor\" data-id=\"5a48b09\" data-element_type=\"widget\" data-e-type=\"widget\" data-widget_type=\"text-editor.default\">\n\t\t\t\t\t\t\t\t\t<p><strong>Letzte Aktualisierung<\/strong><\/p><p>Diese Seite wurde zuletzt am 11.02.2025 aktualisiert.<\/p>\t\t\t\t\t\t\t\t<\/div>\n\t\t\t\t\t<\/div>\n\t\t<\/div>\n\t\t\t\t\t<\/div>\n\t\t<\/section>\n\t\t\t\t\t<\/div>\n\t\t<\/div>\n\t\t\t\t\t<\/div>\n\t\t<\/section>\n\t\t\t\t<\/div>\n\t\t","protected":false},"excerpt":{"rendered":"<p>datenschutzerklaerung Datenschutzerkl\u00e4rung &amp; Impressum der Sokol Malerei und Innenausbau GmbH Stand: 25. J\u00e4nner 2024 Verantwortlicher im Sinne der DSGVO Firmenname:\u00a0Sokol Malerei und Innenausbau GmbHAdresse: Wagramer Stra\u00dfe 265 , Gerasdorf bei Wien 2201, \u00d6sterreichTelefon:\u00a0+43 1 256 40 92E-Mail (Datenschutz):\u00a0admin@sokol-bau.euE-Mail (Verkauf):\u00a0verkauf@sokol-bau.euAnsprechpartnerin:\u00a0Grazyna SokolUID-Nr.:\u00a0ATU64908112Firmenbuchnummer:\u00a0323457 yHandelsregistergericht:\u00a0Handelsgericht WienGewerbeberechtigung:\u00a0DG-Nr. 30162461Steuernummer:\u00a0420\/3548 Kontakt und \u00d6ffnungszeiten Telefonische Erreichbarkeit:Montag \u2013 Donnerstag: 7:00 \u2013 17:00 UhrFreitag: 7:00 [&hellip;]<\/p>\n","protected":false},"author":3,"featured_media":0,"parent":0,"menu_order":0,"comment_status":"closed","ping_status":"closed","template":"","meta":{"_eb_attr":"","_uag_custom_page_level_css":"","site-sidebar-layout":"no-sidebar","site-content-layout":"page-builder","ast-site-content-layout":"full-width-container","site-content-style":"default","site-sidebar-style":"default","ast-global-header-display":"","ast-banner-title-visibility":"","ast-main-header-display":"","ast-hfb-above-header-display":"","ast-hfb-below-header-display":"","ast-hfb-mobile-header-display":"","site-post-title":"disabled","ast-breadcrumbs-content":"","ast-featured-img":"disabled","footer-sml-layout":"","ast-disable-related-posts":"","theme-transparent-header-meta":"","adv-header-id-meta":"","stick-header-meta":"","header-above-stick-meta":"","header-main-stick-meta":"","header-below-stick-meta":"","astra-migrate-meta-layouts":"set","ast-page-background-enabled":"default","ast-page-background-meta":{"desktop":{"background-color":"var(--ast-global-color-4)","background-image":"","background-repeat":"repeat","background-position":"center center","background-size":"auto","background-attachment":"scroll","background-type":"","background-media":"","overlay-type":"","overlay-color":"","overlay-opacity":"","overlay-gradient":""},"tablet":{"background-color":"","background-image":"","background-repeat":"repeat","background-position":"center center","background-size":"auto","background-attachment":"scroll","background-type":"","background-media":"","overlay-type":"","overlay-color":"","overlay-opacity":"","overlay-gradient":""},"mobile":{"background-color":"","background-image":"","background-repeat":"repeat","background-position":"center center","background-size":"auto","background-attachment":"scroll","background-type":"","background-media":"","overlay-type":"","overlay-color":"","overlay-opacity":"","overlay-gradient":""}},"ast-content-background-meta":{"desktop":{"background-color":"var(--ast-global-color-5)","background-image":"","background-repeat":"repeat","background-position":"center center","background-size":"auto","background-attachment":"scroll","background-type":"","background-media":"","overlay-type":"","overlay-color":"","overlay-opacity":"","overlay-gradient":""},"tablet":{"background-color":"var(--ast-global-color-5)","background-image":"","background-repeat":"repeat","background-position":"center center","background-size":"auto","background-attachment":"scroll","background-type":"","background-media":"","overlay-type":"","overlay-color":"","overlay-opacity":"","overlay-gradient":""},"mobile":{"background-color":"var(--ast-global-color-5)","background-image":"","background-repeat":"repeat","background-position":"center center","background-size":"auto","background-attachment":"scroll","background-type":"","background-media":"","overlay-type":"","overlay-color":"","overlay-opacity":"","overlay-gradient":""}},"footnotes":""},"class_list":["post-3922","page","type-page","status-publish","hentry"],"yoast_head":"<!-- This site is optimized with the Yoast SEO plugin v27.4 - https:\/\/yoast.com\/product\/yoast-seo-wordpress\/ -->\n<title>Datenschutzerklaerung - Sokol-Bau<\/title>\n<meta name=\"robots\" content=\"index, follow, max-snippet:-1, max-image-preview:large, max-video-preview:-1\" \/>\n<link rel=\"canonical\" href=\"https:\/\/sokol-bau.eu\/?page_id=3922\" \/>\n<meta property=\"og:locale\" content=\"de_DE\" \/>\n<meta property=\"og:type\" content=\"article\" \/>\n<meta property=\"og:title\" content=\"Datenschutzerklaerung - Sokol-Bau\" \/>\n<meta property=\"og:description\" content=\"datenschutzerklaerung Datenschutzerkl\u00e4rung &amp; Impressum der Sokol Malerei und Innenausbau GmbH Stand: 25. J\u00e4nner 2024 Verantwortlicher im Sinne der DSGVO Firmenname:\u00a0Sokol Malerei und Innenausbau GmbHAdresse: Wagramer Stra\u00dfe 265 , Gerasdorf bei Wien 2201, \u00d6sterreichTelefon:\u00a0+43 1 256 40 92E-Mail (Datenschutz):\u00a0admin@sokol-bau.euE-Mail (Verkauf):\u00a0verkauf@sokol-bau.euAnsprechpartnerin:\u00a0Grazyna SokolUID-Nr.:\u00a0ATU64908112Firmenbuchnummer:\u00a0323457 yHandelsregistergericht:\u00a0Handelsgericht WienGewerbeberechtigung:\u00a0DG-Nr. 30162461Steuernummer:\u00a0420\/3548 Kontakt und \u00d6ffnungszeiten Telefonische Erreichbarkeit:Montag \u2013 Donnerstag: 7:00 \u2013 17:00 UhrFreitag: 7:00 [&hellip;]\" \/>\n<meta property=\"og:url\" content=\"https:\/\/sokol-bau.eu\/?page_id=3922\" \/>\n<meta property=\"og:site_name\" content=\"Sokol-Bau\" \/>\n<meta property=\"article:modified_time\" content=\"2025-02-11T10:32:24+00:00\" \/>\n<meta property=\"og:image\" content=\"https:\/\/sokol-bau.eu\/wp-content\/uploads\/2025\/01\/poprawiony.png\" \/>\n\t<meta property=\"og:image:width\" content=\"1344\" \/>\n\t<meta property=\"og:image:height\" content=\"896\" \/>\n\t<meta property=\"og:image:type\" content=\"image\/png\" \/>\n<meta name=\"twitter:card\" content=\"summary_large_image\" \/>\n<script type=\"application\/ld+json\" class=\"yoast-schema-graph\">{\"@context\":\"https:\\\/\\\/schema.org\",\"@graph\":[{\"@type\":\"WebPage\",\"@id\":\"https:\\\/\\\/sokol-bau.eu\\\/?page_id=3922\",\"url\":\"https:\\\/\\\/sokol-bau.eu\\\/?page_id=3922\",\"name\":\"Datenschutzerklaerung - Sokol-Bau\",\"isPartOf\":{\"@id\":\"https:\\\/\\\/sokol-bau.eu\\\/#website\"},\"datePublished\":\"2025-01-25T18:10:28+00:00\",\"dateModified\":\"2025-02-11T10:32:24+00:00\",\"breadcrumb\":{\"@id\":\"https:\\\/\\\/sokol-bau.eu\\\/?page_id=3922#breadcrumb\"},\"inLanguage\":\"de-AT\",\"potentialAction\":[{\"@type\":\"ReadAction\",\"target\":[\"https:\\\/\\\/sokol-bau.eu\\\/?page_id=3922\"]}]},{\"@type\":\"BreadcrumbList\",\"@id\":\"https:\\\/\\\/sokol-bau.eu\\\/?page_id=3922#breadcrumb\",\"itemListElement\":[{\"@type\":\"ListItem\",\"position\":1,\"name\":\"Startseite\",\"item\":\"https:\\\/\\\/sokol-bau.eu\\\/\"},{\"@type\":\"ListItem\",\"position\":2,\"name\":\"Datenschutzerklaerung\"}]},{\"@type\":\"WebSite\",\"@id\":\"https:\\\/\\\/sokol-bau.eu\\\/#website\",\"url\":\"https:\\\/\\\/sokol-bau.eu\\\/\",\"name\":\"Sokol-Bau\",\"description\":\"\",\"publisher\":{\"@id\":\"https:\\\/\\\/sokol-bau.eu\\\/#organization\"},\"alternateName\":\"Sokol Malerei und Innenausbau GmbH\",\"potentialAction\":[{\"@type\":\"SearchAction\",\"target\":{\"@type\":\"EntryPoint\",\"urlTemplate\":\"https:\\\/\\\/sokol-bau.eu\\\/?s={search_term_string}\"},\"query-input\":{\"@type\":\"PropertyValueSpecification\",\"valueRequired\":true,\"valueName\":\"search_term_string\"}}],\"inLanguage\":\"de-AT\"},{\"@type\":\"Organization\",\"@id\":\"https:\\\/\\\/sokol-bau.eu\\\/#organization\",\"name\":\"Sokol Malerei und Innenausbau GmbH\",\"url\":\"https:\\\/\\\/sokol-bau.eu\\\/\",\"logo\":{\"@type\":\"ImageObject\",\"inLanguage\":\"de-AT\",\"@id\":\"https:\\\/\\\/sokol-bau.eu\\\/#\\\/schema\\\/logo\\\/image\\\/\",\"url\":\"https:\\\/\\\/sokol-bau.eu\\\/wp-content\\\/uploads\\\/2025\\\/01\\\/cropped-sokologo-2-scaled-1.webp\",\"contentUrl\":\"https:\\\/\\\/sokol-bau.eu\\\/wp-content\\\/uploads\\\/2025\\\/01\\\/cropped-sokologo-2-scaled-1.webp\",\"width\":1920,\"height\":1405,\"caption\":\"Sokol Malerei und Innenausbau GmbH\"},\"image\":{\"@id\":\"https:\\\/\\\/sokol-bau.eu\\\/#\\\/schema\\\/logo\\\/image\\\/\"}}]}<\/script>\n<!-- \/ Yoast SEO plugin. -->","yoast_head_json":{"title":"Datenschutzerklaerung - Sokol-Bau","robots":{"index":"index","follow":"follow","max-snippet":"max-snippet:-1","max-image-preview":"max-image-preview:large","max-video-preview":"max-video-preview:-1"},"canonical":"https:\/\/sokol-bau.eu\/?page_id=3922","og_locale":"de_DE","og_type":"article","og_title":"Datenschutzerklaerung - Sokol-Bau","og_description":"datenschutzerklaerung Datenschutzerkl\u00e4rung &amp; Impressum der Sokol Malerei und Innenausbau GmbH Stand: 25. J\u00e4nner 2024 Verantwortlicher im Sinne der DSGVO Firmenname:\u00a0Sokol Malerei und Innenausbau GmbHAdresse: Wagramer Stra\u00dfe 265 , Gerasdorf bei Wien 2201, \u00d6sterreichTelefon:\u00a0+43 1 256 40 92E-Mail (Datenschutz):\u00a0admin@sokol-bau.euE-Mail (Verkauf):\u00a0verkauf@sokol-bau.euAnsprechpartnerin:\u00a0Grazyna SokolUID-Nr.:\u00a0ATU64908112Firmenbuchnummer:\u00a0323457 yHandelsregistergericht:\u00a0Handelsgericht WienGewerbeberechtigung:\u00a0DG-Nr. 30162461Steuernummer:\u00a0420\/3548 Kontakt und \u00d6ffnungszeiten Telefonische Erreichbarkeit:Montag \u2013 Donnerstag: 7:00 \u2013 17:00 UhrFreitag: 7:00 [&hellip;]","og_url":"https:\/\/sokol-bau.eu\/?page_id=3922","og_site_name":"Sokol-Bau","article_modified_time":"2025-02-11T10:32:24+00:00","og_image":[{"width":1344,"height":896,"url":"https:\/\/sokol-bau.eu\/wp-content\/uploads\/2025\/01\/poprawiony.png","type":"image\/png"}],"twitter_card":"summary_large_image","schema":{"@context":"https:\/\/schema.org","@graph":[{"@type":"WebPage","@id":"https:\/\/sokol-bau.eu\/?page_id=3922","url":"https:\/\/sokol-bau.eu\/?page_id=3922","name":"Datenschutzerklaerung - Sokol-Bau","isPartOf":{"@id":"https:\/\/sokol-bau.eu\/#website"},"datePublished":"2025-01-25T18:10:28+00:00","dateModified":"2025-02-11T10:32:24+00:00","breadcrumb":{"@id":"https:\/\/sokol-bau.eu\/?page_id=3922#breadcrumb"},"inLanguage":"de-AT","potentialAction":[{"@type":"ReadAction","target":["https:\/\/sokol-bau.eu\/?page_id=3922"]}]},{"@type":"BreadcrumbList","@id":"https:\/\/sokol-bau.eu\/?page_id=3922#breadcrumb","itemListElement":[{"@type":"ListItem","position":1,"name":"Startseite","item":"https:\/\/sokol-bau.eu\/"},{"@type":"ListItem","position":2,"name":"Datenschutzerklaerung"}]},{"@type":"WebSite","@id":"https:\/\/sokol-bau.eu\/#website","url":"https:\/\/sokol-bau.eu\/","name":"Sokol-Bau","description":"","publisher":{"@id":"https:\/\/sokol-bau.eu\/#organization"},"alternateName":"Sokol Malerei und Innenausbau GmbH","potentialAction":[{"@type":"SearchAction","target":{"@type":"EntryPoint","urlTemplate":"https:\/\/sokol-bau.eu\/?s={search_term_string}"},"query-input":{"@type":"PropertyValueSpecification","valueRequired":true,"valueName":"search_term_string"}}],"inLanguage":"de-AT"},{"@type":"Organization","@id":"https:\/\/sokol-bau.eu\/#organization","name":"Sokol Malerei und Innenausbau GmbH","url":"https:\/\/sokol-bau.eu\/","logo":{"@type":"ImageObject","inLanguage":"de-AT","@id":"https:\/\/sokol-bau.eu\/#\/schema\/logo\/image\/","url":"https:\/\/sokol-bau.eu\/wp-content\/uploads\/2025\/01\/cropped-sokologo-2-scaled-1.webp","contentUrl":"https:\/\/sokol-bau.eu\/wp-content\/uploads\/2025\/01\/cropped-sokologo-2-scaled-1.webp","width":1920,"height":1405,"caption":"Sokol Malerei und Innenausbau GmbH"},"image":{"@id":"https:\/\/sokol-bau.eu\/#\/schema\/logo\/image\/"}}]}},"uagb_featured_image_src":{"full":false,"thumbnail":false,"medium":false,"medium_large":false,"large":false,"1536x1536":false,"2048x2048":false},"uagb_author_info":{"display_name":"Janusz sokol","author_link":"https:\/\/sokol-bau.eu\/?author=3"},"uagb_comment_info":0,"uagb_excerpt":"datenschutzerklaerung Datenschutzerkl\u00e4rung &amp; Impressum der Sokol Malerei und Innenausbau GmbH Stand: 25. J\u00e4nner 2024 Verantwortlicher im Sinne der DSGVO Firmenname:\u00a0Sokol Malerei und Innenausbau GmbHAdresse: Wagramer Stra\u00dfe 265 , Gerasdorf bei Wien 2201, \u00d6sterreichTelefon:\u00a0+43 1 256 40 92E-Mail (Datenschutz):\u00a0admin@sokol-bau.euE-Mail (Verkauf):\u00a0verkauf@sokol-bau.euAnsprechpartnerin:\u00a0Grazyna SokolUID-Nr.:\u00a0ATU64908112Firmenbuchnummer:\u00a0323457 yHandelsregistergericht:\u00a0Handelsgericht WienGewerbeberechtigung:\u00a0DG-Nr. 30162461Steuernummer:\u00a0420\/3548 Kontakt und \u00d6ffnungszeiten Telefonische Erreichbarkeit:Montag \u2013 Donnerstag: 7:00 \u2013 17:00 UhrFreitag: 7:00&hellip;","_links":{"self":[{"href":"https:\/\/sokol-bau.eu\/index.php?rest_route=\/wp\/v2\/pages\/3922","targetHints":{"allow":["GET"]}}],"collection":[{"href":"https:\/\/sokol-bau.eu\/index.php?rest_route=\/wp\/v2\/pages"}],"about":[{"href":"https:\/\/sokol-bau.eu\/index.php?rest_route=\/wp\/v2\/types\/page"}],"author":[{"embeddable":true,"href":"https:\/\/sokol-bau.eu\/index.php?rest_route=\/wp\/v2\/users\/3"}],"replies":[{"embeddable":true,"href":"https:\/\/sokol-bau.eu\/index.php?rest_route=%2Fwp%2Fv2%2Fcomments&post=3922"}],"version-history":[{"count":32,"href":"https:\/\/sokol-bau.eu\/index.php?rest_route=\/wp\/v2\/pages\/3922\/revisions"}],"predecessor-version":[{"id":4153,"href":"https:\/\/sokol-bau.eu\/index.php?rest_route=\/wp\/v2\/pages\/3922\/revisions\/4153"}],"wp:attachment":[{"href":"https:\/\/sokol-bau.eu\/index.php?rest_route=%2Fwp%2Fv2%2Fmedia&parent=3922"}],"curies":[{"name":"wp","href":"https:\/\/api.w.org\/{rel}","templated":true}]}}